{"id":2496,"date":"2026-04-27T17:58:52","date_gmt":"2026-04-27T20:58:52","guid":{"rendered":"https:\/\/caal-cbpa.ca\/?page_id=2496"},"modified":"2026-04-28T18:25:30","modified_gmt":"2026-04-28T21:25:30","slug":"bipoc-information-professional-grant","status":"publish","type":"page","link":"https:\/\/caal-cbpa.ca\/fr\/grants\/bipoc-information-professional-grant\/","title":{"rendered":"Subvention CPBA du professionnel de l'information PANDC"},"content":{"rendered":"<p><strong><strong>Date limite de soumission\u00a0:<\/strong><\/strong>\u00a0La demande et tous les documents connexes doivent \u00eatre re\u00e7us au plus tard <strong><strong>le mardi\u00a026\u00a0mai\u00a02026<\/strong><\/strong>.<\/p>\n\n\n\n<p><strong><strong style=\"color: rgb(255, 255, 255);\">Objectif<\/strong><\/strong><\/p>\n\n\n\n\n\n\n\n<p>Le CBPA est fermement d\u00e9termin\u00e9e \u00e0 favoriser la diversit\u00e9 au sein de notre collectivit\u00e9 en faisant progresser <a href=\"https:\/\/ehprnh2mwo3.exactdn.com\/wp-content\/uploads\/2021\/04\/4-Appels_a_l-Action_French.pdf\">Appels \u00e0 l\u2019action de la Commission de v\u00e9rit\u00e9 et r\u00e9conciliation du Canada<\/a> ainsi qu\u2019en augmentant la diversit\u00e9 des connaissances repr\u00e9sent\u00e9es dans nos institutions membres. Nous souhaitons la bienvenue aux candidats qui contribueront \u00e0 \u00e9largir les voix repr\u00e9sent\u00e9es dans notre domaine et son savoir.  La CAAL-CBPA appuie la diversit\u00e9, l\u2019\u00e9quit\u00e9 et l\u2019inclusion dans l\u2019ensemble de notre collectivit\u00e9.<\/p><br>\n\n<p>Cette subvention vise \u00e0 aider \u00e0 atteindre les objectifs suivants\u00a0:<br><br><\/p><ul><li>Soutenir l\u2019auto-identification des personnes noires, autochtones, et de couleur dans la r\u00e9gion de l\u2019Atlantique ou \u00e0 partir de celle-ci qui poursuivent une carri\u00e8re en gestion de l\u2019information, soit directement, soit en partenariat avec d\u2019autres organisations ou institutions.<\/li>\n<li>Aider les personnes qui s\u2019identifient comme \u00e9tant noires, autochtones ou de couleur \u00e0 faire carri\u00e8re dans le domaine de la gestion de l\u2019information dans les biblioth\u00e8ques membres du CBPA, soit directement, soit en partenariat avec d\u2019autres organisations ou institutions.<\/li><\/ul>\n\n\n\n\n\n\n\n<p><span style=\"color:#ffffff;\"><strong><strong>Montant de la subvention<\/strong><\/strong><\/span><strong><br><\/strong><\/p>\n\n\n\n\n\n\n\n<p>Une subvention de 1\u00a0000\u00a0$ sera accord\u00e9e chaque ann\u00e9e, lorsqu\u2019elle est m\u00e9rit\u00e9e. Les subventions sont assujetties \u00e0 toutes les exigences en mati\u00e8re de rapports de l\u2019Agence du revenu du Canada.<\/p>\n\n\n\n\n\n\n\n<p><span style=\"color:#ffffff;\"><strong><strong>Crit\u00e8res d\u2019admissibilit\u00e9<\/strong><\/strong><\/span><strong><br><\/strong><\/p>\n\n\n\n\n\n\n\n<ul><li>Le demandeur doit \u00eatre un citoyen canadien ou un r\u00e9sident permanent et un r\u00e9sident du Canada atlantique (qui peut \u00e9tudier \u00e0 l\u2019ext\u00e9rieur du Canada atlantique).<\/li><li>Les personnes qui s\u2019identifient comme \u00e9tant noires, autochtones (Premi\u00e8res Nations, M\u00e9tis ou Inuits) ou une personne de couleur.<\/li><li>Current employee at a CAAL-CBPA library or archive;<strong><strong>\u00a0et\/ou<\/strong><\/strong>\u00a0est actuellement inscrit ou a \u00e9t\u00e9 accept\u00e9 dans un programme accr\u00e9dit\u00e9 par l\u2019ALA en biblioth\u00e9conomie et sciences de l\u2019information ou dans un programme de biblioth\u00e9conomie et technologie de l\u2019information;<strong><strong> et\/ou<\/strong><\/strong> a obtenu un dipl\u00f4me d\u2019un programme accr\u00e9dit\u00e9 par l\u2019ALA en biblioth\u00e9conomie et sciences de l\u2019information ou d\u2019un programme de biblioth\u00e9conomie et technologie de l\u2019information au cours des deux derni\u00e8res ann\u00e9es.<br><\/li><\/ul>\n\n\n\n\n\n\n\n<p><span style=\"color:#ffffff;\"><strong><strong>D\u00e9penses non admissibles<\/strong><\/strong><\/span><strong><br><\/strong><\/p>\n\n\n\n\n\n\n\n<ul><li>Frais administratifs g\u00e9n\u00e9raux.<\/li><li>Payer les salaires de toute personne d\u00e9j\u00e0 employ\u00e9e par l\u2019\u00e9tablissement postsecondaire. Des exceptions sont pr\u00e9vues pour toute personne qui prendra du temps de lib\u00e9ration et subira une r\u00e9duction de revenu. Il est \u00e9galement possible de payer des personnes pour une p\u00e9riode fixe pendant laquelle elles ne gagnent pas leur revenu habituel (p. ex., dans le cas o\u00f9 une personne ne gagne pas son revenu pendant les mois d\u2019\u00e9t\u00e9, il est permis de la r\u00e9mun\u00e9rer pour un travail durant ces mois d\u2019\u00e9t\u00e9).<\/li>\n<\/ul>\n\n\n\n\n\n\n\n\n\n\n\n<p>Le Comit\u00e9 se r\u00e9serve le droit de rejeter les demandes qui ne respectent pas les sp\u00e9cifications ci-dessous\u00a0:<\/p>\n\n\n\n\nDescription of current or future plans in the information field.\n\n\n\nDescription of your planned use of grant (e.g., support for degree, project, etc.), including associated costs.\n\n\n\nStatement of self-identification.\n\n\n\n<span class=\"pagelayer-list-icon-holder\">Pr\u00e9sentation d\u2019un curriculum vit\u00e6 \u00e0 jour.<\/span>\n\n\n\nTwo letters of support or recommendations.\n\n\n\nLetter of tax exemption status if applicable (grant awards are a taxable form of income).\n\n\n\n\n\n\n\n\n\n\n\nThe activity must commence in the year for which the grant is awarded.\n\n\n\n<span data-contrast=\"none\">L\u2019annonce de la subvention est pr\u00e9sent\u00e9e sur le site Web du CBPA, sur le serveur de liste de diffusion g\u00e9n\u00e9rale du CBPA, sur le serveur de liste de diffusion de l\u2019APLA et sur d\u2019autres canaux, au besoin. Les annonces comprendront une photo du b\u00e9n\u00e9ficiaire, de sorte que l\u2019acceptation de la subvention indique que vous \u00eates d\u2019accord pour que le CBPA utilise votre photo dans ces annonces.<\/span>\n\n\n\nGrant funds are disbursed in mid-June of each year. Grant cheques will be issued directly to the applicant as one lump some unless otherwise indicated. The CAAL-CBPA Executive Director will coordinate this process once the award has been announced.\n\n\n\nA final report will be submitted to the CAAL-CBPA Executive Director within two months of the completion of the activity.\n\n\n\n\n\n\n\n\n\n\n<p>Les propositions seront \u00e9valu\u00e9es par un sous-ensemble de membres du <a href=\"https:\/\/caal-cbpa.ca\/fr\/about\/committees\/reconciliation\/\">Comit\u00e9 de reconciliation CBPA<\/a>.<br><br>Le comit\u00e9 d\u2019arbitrage \u00e9valuera toutes les propositions au moyen d\u2019une approche \u00e0 l\u2019aveuglette.  Cela signifie que le directeur ex\u00e9cutif du CBPA conna\u00eetra l\u2019identit\u00e9 des personnes qui soumettent des propositions, mais pas les membres du comit\u00e9 au cours du processus d\u2019examen.<\/p>\n\n\n\n<p>Les propositions de financement sont \u00e9valu\u00e9es en fonction des crit\u00e8res suivants\u00a0:<\/p><br>\n<ul><li>Les plans actuels ou futurs dans le champ d\u2019information sont clairement \u00e9nonc\u00e9s dans la demande;<\/li><li>Utilisation pr\u00e9vue de la subvention.<br><\/li><\/ul>","protected":false},"excerpt":{"rendered":"","protected":false},"author":2,"featured_media":0,"parent":194,"menu_order":0,"comment_status":"closed","ping_status":"closed","template":"","meta":{"pagelayer_contact_templates":[],"_pagelayer_content":"","footnotes":""},"folder":[],"class_list":["post-2496","page","type-page","status-publish","hentry"],"_links":{"self":[{"href":"https:\/\/caal-cbpa.ca\/fr\/wp-json\/wp\/v2\/pages\/2496","targetHints":{"allow":["GET"]}}],"collection":[{"href":"https:\/\/caal-cbpa.ca\/fr\/wp-json\/wp\/v2\/pages"}],"about":[{"href":"https:\/\/caal-cbpa.ca\/fr\/wp-json\/wp\/v2\/types\/page"}],"author":[{"embeddable":true,"href":"https:\/\/caal-cbpa.ca\/fr\/wp-json\/wp\/v2\/users\/2"}],"replies":[{"embeddable":true,"href":"https:\/\/caal-cbpa.ca\/fr\/wp-json\/wp\/v2\/comments?post=2496"}],"version-history":[{"count":16,"href":"https:\/\/caal-cbpa.ca\/fr\/wp-json\/wp\/v2\/pages\/2496\/revisions"}],"predecessor-version":[{"id":2582,"href":"https:\/\/caal-cbpa.ca\/fr\/wp-json\/wp\/v2\/pages\/2496\/revisions\/2582"}],"up":[{"embeddable":true,"href":"https:\/\/caal-cbpa.ca\/fr\/wp-json\/wp\/v2\/pages\/194"}],"wp:attachment":[{"href":"https:\/\/caal-cbpa.ca\/fr\/wp-json\/wp\/v2\/media?parent=2496"}],"wp:term":[{"taxonomy":"folder","embeddable":true,"href":"https:\/\/caal-cbpa.ca\/fr\/wp-json\/wp\/v2\/folder?post=2496"}],"curies":[{"name":"wp","href":"https:\/\/api.w.org\/{rel}","templated":true}]}}

<p><strong><strong>Date limite de soumission :</strong></strong> La demande et tous les documents connexes doivent être reçus au plus tard <strong><strong>le mardi 26 mai 2026</strong></strong>.</p>



<p><strong><strong style="color: rgb(255, 255, 255);">Objectif</strong></strong></p>







<p>Le CBPA est fermement déterminée à favoriser la diversité au sein de notre collectivité en faisant progresser <a href="https://ehprnh2mwo3.exactdn.com/wp-content/uploads/2021/04/4-Appels_a_l-Action_French.pdf">Appels à l’action de la Commission de vérité et réconciliation du Canada</a> ainsi qu’en augmentant la diversité des connaissances représentées dans nos institutions membres. Nous souhaitons la bienvenue aux candidats qui contribueront à élargir les voix représentées dans notre domaine et son savoir.  La CAAL-CBPA appuie la diversité, l’équité et l’inclusion dans l’ensemble de notre collectivité.</p><br>

<p>Cette subvention vise à aider à atteindre les objectifs suivants :<br><br></p><ul><li>Soutenir l’auto-identification des personnes noires, autochtones, et de couleur dans la région de l’Atlantique ou à partir de celle-ci qui poursuivent une carrière en gestion de l’information, soit directement, soit en partenariat avec d’autres organisations ou institutions.</li>
<li>Aider les personnes qui s’identifient comme étant noires, autochtones ou de couleur à faire carrière dans le domaine de la gestion de l’information dans les bibliothèques membres du CBPA, soit directement, soit en partenariat avec d’autres organisations ou institutions.</li></ul>







<p><span style="color:#ffffff;"><strong><strong>Montant de la subvention</strong></strong></span><strong><br></strong></p>







<p>Une subvention de 1 000 $ sera accordée chaque année, lorsqu’elle est méritée. Les subventions sont assujetties à toutes les exigences en matière de rapports de l’Agence du revenu du Canada.</p>







<p><span style="color:#ffffff;"><strong><strong>Critères d’admissibilité</strong></strong></span><strong><br></strong></p>







<ul><li>Le demandeur doit être un citoyen canadien ou un résident permanent et un résident du Canada atlantique (qui peut étudier à l’extérieur du Canada atlantique).</li><li>Les personnes qui s’identifient comme étant noires, autochtones (Premières Nations, Métis ou Inuits) ou une personne de couleur.</li><li>Current employee at a CAAL-CBPA library or archive;<strong><strong> et/ou</strong></strong> est actuellement inscrit ou a été accepté dans un programme accrédité par l’ALA en bibliothéconomie et sciences de l’information ou dans un programme de bibliothéconomie et technologie de l’information;<strong><strong> et/ou</strong></strong> a obtenu un diplôme d’un programme accrédité par l’ALA en bibliothéconomie et sciences de l’information ou d’un programme de bibliothéconomie et technologie de l’information au cours des deux dernières années.<br></li></ul>







<p><span style="color:#ffffff;"><strong><strong>Dépenses non admissibles</strong></strong></span><strong><br></strong></p>







<ul><li>Frais administratifs généraux.</li><li>Payer les salaires de toute personne déjà employée par l’établissement postsecondaire. Des exceptions sont prévues pour toute personne qui prendra du temps de libération et subira une réduction de revenu. Il est également possible de payer des personnes pour une période fixe pendant laquelle elles ne gagnent pas leur revenu habituel (p. ex., dans le cas où une personne ne gagne pas son revenu pendant les mois d’été, il est permis de la rémunérer pour un travail durant ces mois d’été).</li>
</ul>











<p>Le Comité se réserve le droit de rejeter les demandes qui ne respectent pas les spécifications ci-dessous :</p>




Description of current or future plans in the information field.



Description of your planned use of grant (e.g., support for degree, project, etc.), including associated costs.



Statement of self-identification.



<span class="pagelayer-list-icon-holder">Présentation d’un curriculum vitæ à jour.</span>



Two letters of support or recommendations.



Letter of tax exemption status if applicable (grant awards are a taxable form of income).











The activity must commence in the year for which the grant is awarded.



<span data-contrast="none">L’annonce de la subvention est présentée sur le site Web du CBPA, sur le serveur de liste de diffusion générale du CBPA, sur le serveur de liste de diffusion de l’APLA et sur d’autres canaux, au besoin. Les annonces comprendront une photo du bénéficiaire, de sorte que l’acceptation de la subvention indique que vous êtes d’accord pour que le CBPA utilise votre photo dans ces annonces.</span>



Grant funds are disbursed in mid-June of each year. Grant cheques will be issued directly to the applicant as one lump some unless otherwise indicated. The CAAL-CBPA Executive Director will coordinate this process once the award has been announced.



A final report will be submitted to the CAAL-CBPA Executive Director within two months of the completion of the activity.










<p>Les propositions seront évaluées par un sous-ensemble de membres du <a href="https://caal-cbpa.ca/fr/about/committees/reconciliation/">Comité de reconciliation CBPA</a>.<br><br>Le comité d’arbitrage évaluera toutes les propositions au moyen d’une approche à l’aveuglette.  Cela signifie que le directeur exécutif du CBPA connaîtra l’identité des personnes qui soumettent des propositions, mais pas les membres du comité au cours du processus d’examen.</p>



<p>Les propositions de financement sont évaluées en fonction des critères suivants :</p><br>
<ul><li>Les plans actuels ou futurs dans le champ d’information sont clairement énoncés dans la demande;</li><li>Utilisation prévue de la subvention.<br></li></ul>
